{"id":288,"date":"2020-07-02T20:26:13","date_gmt":"2020-07-02T18:26:13","guid":{"rendered":"http:\/\/friseur-salon-istanbul.de\/?page_id=288"},"modified":"2021-11-06T11:51:29","modified_gmt":"2021-11-06T10:51:29","slug":"impressum","status":"publish","type":"page","link":"https:\/\/hairdesign-by-g\u00f6khan.de\/?page_id=288","title":{"rendered":"Impressum"},"content":{"rendered":"<p>[et_pb_section fb_built=&#8220;1&#8243; _builder_version=&#8220;4.4.9&#8243; background_enable_color=&#8220;off&#8220; background_color_gradient_direction=&#8220;1deg&#8220; background_enable_image=&#8220;off&#8220; background_size=&#8220;initial&#8220; background_repeat=&#8220;repeat&#8220; width=&#8220;100%&#8220; height=&#8220;224px&#8220; max_height=&#8220;180px&#8220; custom_margin=&#8220;||-3px|||&#8220; custom_padding=&#8220;0px||0px|||&#8220; global_colors_info=&#8220;{}&#8220;][et_pb_row _builder_version=&#8220;4.4.8&#8243; global_colors_info=&#8220;{}&#8220;][et_pb_column type=&#8220;4_4&#8243; _builder_version=&#8220;4.4.8&#8243; global_colors_info=&#8220;{}&#8220;][et_pb_image src=&#8220;https:\/\/friseur-salon-istanbul.de\/wp-content\/uploads\/2021\/11\/goekhan-logo.png&#8220; title_text=&#8220;goekhan-logo&#8220; align=&#8220;center&#8220; _builder_version=&#8220;4.13.0&#8243; width=&#8220;39%&#8220; width_tablet=&#8220;60%&#8220; width_phone=&#8220;100%&#8220; width_last_edited=&#8220;on|phone&#8220; module_alignment=&#8220;center&#8220; global_colors_info=&#8220;{}&#8220;][\/et_pb_image][\/et_pb_column][\/et_pb_row][et_pb_row _builder_version=&#8220;4.5.8&#8243; width=&#8220;70%&#8220; custom_margin=&#8220;-41px|auto|9px|auto|false|false&#8220; custom_padding=&#8220;||0px|||&#8220; global_colors_info=&#8220;{}&#8220;][et_pb_column type=&#8220;4_4&#8243; _builder_version=&#8220;4.4.8&#8243; global_colors_info=&#8220;{}&#8220;][et_pb_menu menu_style=&#8220;centered&#8220; active_link_color=&#8220;#e09900&#8243; _builder_version=&#8220;4.13.0&#8243; menu_font=&#8220;Aleo||||||||&#8220; menu_text_color=&#8220;#605300&#8243; menu_font_size=&#8220;18px&#8220; background_enable_color=&#8220;off&#8220; max_width=&#8220;70%&#8220; module_alignment=&#8220;center&#8220; menu_text_shadow_style=&#8220;preset1&#8243; global_colors_info=&#8220;{}&#8220;][\/et_pb_menu][\/et_pb_column][\/et_pb_row][et_pb_row _builder_version=&#8220;4.5.8&#8243; _module_preset=&#8220;default&#8220; global_colors_info=&#8220;{}&#8220;][et_pb_column type=&#8220;4_4&#8243; _builder_version=&#8220;4.5.8&#8243; _module_preset=&#8220;default&#8220; global_colors_info=&#8220;{}&#8220;][et_pb_social_media_follow _builder_version=&#8220;4.6.0&#8243; _module_preset=&#8220;default&#8220; text_orientation=&#8220;right&#8220; text_shadow_style=&#8220;preset1&#8243; global_colors_info=&#8220;{}&#8220;][et_pb_social_media_follow_network social_network=&#8220;facebook&#8220; url=&#8220;https:\/\/www.facebook.com\/Friseursalon-Istanbul-wermelskirchen-1442541372663527&#8243; icon_color=&#8220;#ffffff&#8220; use_icon_font_size=&#8220;on&#8220; _builder_version=&#8220;4.5.8&#8243; _module_preset=&#8220;default&#8220; background_color=&#8220;#3b5998&#8243; global_colors_info=&#8220;{}&#8220; follow_button=&#8220;off&#8220; url_new_window=&#8220;on&#8220;]facebook[\/et_pb_social_media_follow_network][et_pb_social_media_follow_network social_network=&#8220;instagram&#8220; url=&#8220;https:\/\/www.instagram.com\/friseursalonistanbul\/&#8220; _builder_version=&#8220;4.5.8&#8243; _module_preset=&#8220;default&#8220; background_color=&#8220;#ea2c59&#8243; global_colors_info=&#8220;{}&#8220; follow_button=&#8220;off&#8220; url_new_window=&#8220;on&#8220;]instagram[\/et_pb_social_media_follow_network][\/et_pb_social_media_follow][\/et_pb_column][\/et_pb_row][\/et_pb_section][et_pb_section fb_built=&#8220;1&#8243; _builder_version=&#8220;4.4.8&#8243; global_colors_info=&#8220;{}&#8220;][et_pb_row column_structure=&#8220;1_5,3_5,1_5&#8243; _builder_version=&#8220;4.4.8&#8243; global_colors_info=&#8220;{}&#8220;][et_pb_column type=&#8220;1_5&#8243; _builder_version=&#8220;4.4.8&#8243; global_colors_info=&#8220;{}&#8220;][\/et_pb_column][et_pb_column type=&#8220;3_5&#8243; _builder_version=&#8220;4.4.8&#8243; global_colors_info=&#8220;{}&#8220;][et_pb_text _builder_version=&#8220;4.13.0&#8243; header_2_font=&#8220;Aleo|700|||||||&#8220; header_2_text_color=&#8220;#48240c&#8220; hover_enabled=&#8220;0&#8243; header_2_text_shadow_style=&#8220;preset1&#8243; inline_fonts=&#8220;Aleo&#8220; global_colors_info=&#8220;{}&#8220; sticky_enabled=&#8220;0&#8243;]<\/p>\n<p>Hairdesign by G\u00f6khan<\/p>\n<p>Inh. G\u00f6khan Urun<\/p>\n<p>Schillerstr. 45<\/p>\n<p>Wermelskirchen<\/p>\n<p>Tel.: 02196-8898188<\/p>\n<p>e-mail:info@hairdesign-by-g\u00f6khan.de<\/p>\n<p>www.hairdesign-by-g\u00f6khan.de<\/p>\n<p>St.Nr: 230\/5382\/2552<\/p>\n<p>&nbsp;<\/p>\n<p>Gestaltung und Umsetzung:<br \/>2020 \u00a9 <span style=\"color: #e09900; font-family: Aleo; font-weight: normal; font-size: large;\"><a href=\"http:\/\/www.multimedias.de\" target=\"_blank\" rel=\"noopener noreferrer\" title=\"Ready to Create\" style=\"color: #e09900; text-decoration: underline;\">MULTIMEDIAS<\/a><\/span> All Rights Reserved.<\/p>\n<p>Images: 123rf.de<\/p>\n<p>[\/et_pb_text][\/et_pb_column][et_pb_column type=&#8220;1_5&#8243; _builder_version=&#8220;4.4.8&#8243; global_colors_info=&#8220;{}&#8220;][\/et_pb_column][\/et_pb_row][\/et_pb_section]<\/p>\n","protected":false},"excerpt":{"rendered":"<p>Hairdesign by G\u00f6khan Inh. G\u00f6khan Urun Schillerstr. 45 Wermelskirchen Tel.: 02196-8898188 e-mail:info@hairdesign-by-g\u00f6khan.de www.hairdesign-by-g\u00f6khan.de St.Nr: 230\/5382\/2552 &nbsp; Gestaltung und Umsetzung:2020 \u00a9 MULTIMEDIAS All Rights Reserved. Images: 123rf.de<\/p>\n","protected":false},"author":1,"featured_media":0,"parent":0,"menu_order":0,"comment_status":"closed","ping_status":"closed","template":"","meta":{"_et_pb_use_builder":"on","_et_pb_old_content":"","_et_gb_content_width":"","footnotes":""},"class_list":["post-288","page","type-page","status-publish","hentry"],"_links":{"self":[{"href":"https:\/\/hairdesign-by-g\u00f6khan.de\/index.php?rest_route=\/wp\/v2\/pages\/288","targetHints":{"allow":["GET"]}}],"collection":[{"href":"https:\/\/hairdesign-by-g\u00f6khan.de\/index.php?rest_route=\/wp\/v2\/pages"}],"about":[{"href":"https:\/\/hairdesign-by-g\u00f6khan.de\/index.php?rest_route=\/wp\/v2\/types\/page"}],"author":[{"embeddable":true,"href":"https:\/\/hairdesign-by-g\u00f6khan.de\/index.php?rest_route=\/wp\/v2\/users\/1"}],"replies":[{"embeddable":true,"href":"https:\/\/hairdesign-by-g\u00f6khan.de\/index.php?rest_route=%2Fwp%2Fv2%2Fcomments&post=288"}],"version-history":[{"count":10,"href":"https:\/\/hairdesign-by-g\u00f6khan.de\/index.php?rest_route=\/wp\/v2\/pages\/288\/revisions"}],"predecessor-version":[{"id":835,"href":"https:\/\/hairdesign-by-g\u00f6khan.de\/index.php?rest_route=\/wp\/v2\/pages\/288\/revisions\/835"}],"wp:attachment":[{"href":"https:\/\/hairdesign-by-g\u00f6khan.de\/index.php?rest_route=%2Fwp%2Fv2%2Fmedia&parent=288"}],"curies":[{"name":"wp","href":"https:\/\/api.w.org\/{rel}","templated":true}]}}